{"id":903,"date":"2022-10-08T12:58:46","date_gmt":"2022-10-08T11:58:46","guid":{"rendered":"https:\/\/esffranco.edu.pt\/web\/?page_id=903"},"modified":"2025-11-06T19:54:54","modified_gmt":"2025-11-06T19:54:54","slug":"pedagogia-sistemica","status":"publish","type":"page","link":"https:\/\/esffranco.edu.pt\/web\/clubes\/pedagogia-sistemica\/","title":{"rendered":"Pedagogia Sist\u00e9mica"},"content":{"rendered":"<div class=\"wpb-content-wrapper\"><p>[vc_row][vc_column][vc_custom_heading text=&#8221;Projeto de Pedagogia Sist\u00e9mica&#8221; use_theme_fonts=&#8221;yes&#8221;][\/vc_column][\/vc_row][vc_row][vc_column][vc_empty_space][\/vc_column][\/vc_row][vc_row][vc_column][vc_single_image image=&#8221;906&#8243; img_size=&#8221;&#8221; alignment=&#8221;center&#8221; onclick=&#8221;link_image&#8221; css_animation=&#8221;none&#8221;][vc_separator color=&#8221;pink&#8221; style=&#8221;shadow&#8221;][vc_row_inner disable_element=&#8221;yes&#8221;][vc_column_inner width=&#8221;1\/4&#8243;][vc_icon icon_fontawesome=&#8221;far fa-calendar&#8221; color=&#8221;white&#8221; background_style=&#8221;rounded&#8221; background_color=&#8221;blue&#8221; align=&#8221;center&#8221;][\/vc_column_inner][vc_column_inner width=&#8221;3\/4&#8243;][vc_custom_heading text=&#8221;Calend\u00e1rio de atividades&#8221; link=&#8221;url:https%3A%2F%2Fwww.canva.com%2Fdesign%2FDAFxuRrMKZE%2FqaZIh2_N1R-5MmuNJYFMZA%2Fview%3Futm_content%3DDAFxuRrMKZE%26utm_campaign%3Ddesignshare%26utm_medium%3Dlink%26utm_source%3Deditor|target:_blank&#8221;][vc_single_image image=&#8221;5071&#8243; img_size=&#8221;medium&#8221; alignment=&#8221;center&#8221; onclick=&#8221;custom_link&#8221; img_link_target=&#8221;_blank&#8221; link=&#8221;https:\/\/www.canva.com\/design\/DAFxuRrMKZE\/qaZIh2_N1R-5MmuNJYFMZA\/view?utm_content=DAFxuRrMKZE&#038;utm_campaign=designshare&#038;utm_medium=link&#038;utm_source=editor&#8221;][\/vc_column_inner][\/vc_row_inner][\/vc_column][\/vc_row][vc_row equal_height=&#8221;yes&#8221; content_placement=&#8221;middle&#8221;][vc_column width=&#8221;1\/6&#8243;][vc_custom_heading text=&#8221;Objetivos&#8221; font_container=&#8221;tag:h5|text_align:left&#8221; use_theme_fonts=&#8221;yes&#8221;][vc_icon icon_fontawesome=&#8221;fas fa-list&#8221; color=&#8221;grey&#8221; background_style=&#8221;rounded&#8221; background_color=&#8221;blue&#8221; align=&#8221;center&#8221;][\/vc_column][vc_column width=&#8221;5\/6&#8243;][vc_column_text css=&#8221;&#8221;]Na vis\u00e3o sist\u00e9mica, os alunos, professores, conselhos executivo, administrativo e de escola e demais membros da comunidade educativa s\u00e3o percebidos e trabalhados n\u00e3o como indiv\u00edduos separados, mas sempre como uma parte de um contexto relacional. E o sucesso s\u00f3 \u00e9 poss\u00edvel quando a todos \u00e9 garantido o seu lugar de perten\u00e7a, na ordem devida, e em equil\u00edbrio entre o dar e receber. Na escola moderna e orientada para os resultados estes s\u00f3 s\u00e3o atingidos quando os\u00a0 condicionamentos do sucesso s\u00e3o trabalhados em diferencia\u00e7\u00e3o pedag\u00f3gica, com vista a chegar a todos os alunos.<\/p>\n<ul>\n<li>Implementar a metodologia da pedagogia sist\u00e9mica na comunidade educativa, trabalhando em articula\u00e7\u00e3o com os principais agentes educativos, de modo que cada pessoa &#8211; o aluno \/ professor \/ assistente operacional \/ C.E. &#8211; ocupe o seu lugar na hierarquia do sistema educativo, e se estabele\u00e7a um equil\u00edbrio entre o dar e o receber e a todos seja assegurado o seu lugar de perten\u00e7a.<\/li>\n<li>Despertar, desenvolver e potencializar no aluno e demais membros da comunidade educativa, as compet\u00eancias para uma cultura de cidadania e aprendizagens com impacto na atitude c\u00edvica individual e como membro de grupo (turma, equipa, escola, &#8230;) e desenvolvimento das compet\u00eancias previstas no Perfil do Aluno \u00e0 Sa\u00edda da Escolaridade Obrigat\u00f3ria.<\/li>\n<\/ul>\n<p>[\/vc_column_text][\/vc_column][\/vc_row][vc_row content_placement=&#8221;middle&#8221;][vc_column width=&#8221;1\/6&#8243;][vc_custom_heading text=&#8221;Equipa&#8221; font_container=&#8221;tag:h5|text_align:left&#8221; use_theme_fonts=&#8221;yes&#8221;][vc_icon icon_fontawesome=&#8221;fas fa-users&#8221; color=&#8221;grey&#8221; background_style=&#8221;rounded&#8221; background_color=&#8221;blue&#8221; align=&#8221;center&#8221;][\/vc_column][vc_column width=&#8221;5\/6&#8243;][vc_column_text css=&#8221;&#8221;]Prof.\u00aa Sara Drummond Borges[\/vc_column_text][\/vc_column][\/vc_row][vc_row content_placement=&#8221;middle&#8221;][vc_column width=&#8221;1\/6&#8243;][vc_custom_heading text=&#8221;Hor\u00e1rio&#8221; font_container=&#8221;tag:h5|text_align:left&#8221; use_theme_fonts=&#8221;yes&#8221;][vc_icon icon_fontawesome=&#8221;fas fa-calendar-alt&#8221; color=&#8221;grey&#8221; background_style=&#8221;rounded&#8221; background_color=&#8221;blue&#8221; align=&#8221;center&#8221;][\/vc_column][vc_column width=&#8221;5\/6&#8243;][vc_column_text css=&#8221;&#8221;]<\/p>\n<ul>\n<li>Sexta-feira das 10:00 \u00e0s 11:45<\/li>\n<\/ul>\n<p>[\/vc_column_text][\/vc_column][\/vc_row][vc_row equal_height=&#8221;yes&#8221; content_placement=&#8221;middle&#8221;][vc_column width=&#8221;1\/6&#8243;][vc_custom_heading text=&#8221;Local&#8221; font_container=&#8221;tag:h5|text_align:left&#8221; use_theme_fonts=&#8221;yes&#8221;][vc_icon icon_fontawesome=&#8221;far fa-map&#8221; color=&#8221;grey&#8221; background_style=&#8221;rounded&#8221; background_color=&#8221;blue&#8221; align=&#8221;center&#8221;][\/vc_column][vc_column width=&#8221;5\/6&#8243;][vc_column_text css=&#8221;&#8221;]Sala 311[\/vc_column_text][\/vc_column][\/vc_row][vc_row content_placement=&#8221;middle&#8221;][vc_column width=&#8221;1\/6&#8243;][vc_custom_heading text=&#8221;Contactos&#8221; font_container=&#8221;tag:h5|text_align:left&#8221; use_theme_fonts=&#8221;yes&#8221;][\/vc_column][vc_column width=&#8221;5\/6&#8243;][vc_row_inner content_placement=&#8221;middle&#8221;][vc_column_inner width=&#8221;1\/6&#8243;][vc_icon icon_fontawesome=&#8221;far fa-envelope&#8221; background_style=&#8221;rounded&#8221; size=&#8221;sm&#8221; align=&#8221;center&#8221;][\/vc_column_inner][vc_column_inner width=&#8221;5\/6&#8243;][vc_column_text]ribeirosmldbf@esffranco.edu.pt[\/vc_column_text][\/vc_column_inner][\/vc_row_inner][vc_row_inner content_placement=&#8221;middle&#8221; disable_element=&#8221;yes&#8221;][vc_column_inner width=&#8221;1\/6&#8243;][vc_icon icon_fontawesome=&#8221;fas fa-mobile-alt&#8221; background_style=&#8221;rounded&#8221; size=&#8221;sm&#8221; align=&#8221;center&#8221;][\/vc_column_inner][vc_column_inner width=&#8221;5\/6&#8243;][vc_column_text]925 271 277 &#8211; Prof.\u00aa Sara Drummond Borges[\/vc_column_text][\/vc_column_inner][\/vc_row_inner][vc_row_inner content_placement=&#8221;middle&#8221; disable_element=&#8221;yes&#8221;][vc_column_inner width=&#8221;1\/6&#8243;][vc_icon icon_fontawesome=&#8221;fab fa-whatsapp&#8221; background_style=&#8221;rounded&#8221; size=&#8221;sm&#8221; align=&#8221;center&#8221;][\/vc_column_inner][vc_column_inner width=&#8221;5\/6&#8243;][vc_column_text]925 271 277 &#8211; Prof.\u00aa Sara Drummond Borges[\/vc_column_text][\/vc_column_inner][\/vc_row_inner][vc_row_inner content_placement=&#8221;middle&#8221; disable_element=&#8221;yes&#8221;][vc_column_inner width=&#8221;1\/6&#8243;][vc_icon icon_fontawesome=&#8221;far fa-edit&#8221; background_style=&#8221;rounded&#8221; size=&#8221;sm&#8221; align=&#8221;center&#8221;][\/vc_column_inner][vc_column_inner width=&#8221;5\/6&#8243;][vc_column_text]<a href=\"https:\/\/docs.google.com\/forms\/d\/e\/1FAIpQLSe2wV5e5MEzxXYCvicDugCfxdBXSlOEkGSa-60JbwfELxzmdA\/viewform\" target=\"_blank\" rel=\"noopener\">Ficha de Inscri\u00e7\u00e3o<\/a>[\/vc_column_text][\/vc_column_inner][\/vc_row_inner][\/vc_column][\/vc_row][vc_row disable_element=&#8221;yes&#8221;][vc_column][vc_single_image image=&#8221;1289&#8243; img_size=&#8221;medium&#8221; alignment=&#8221;center&#8221; onclick=&#8221;custom_link&#8221; img_link_target=&#8221;_blank&#8221; link=&#8221;https:\/\/www.canva.com\/design\/DAEjy_BK1JI\/Cshnr-e6laaA1HEdV_2kOQ\/view?utm_content=DAEjy_BK1JI&amp;utm_campaign=designshare&amp;utm_medium=link&amp;utm_source=sharebutton&#8221;][\/vc_column][\/vc_row]<\/p>\n<\/div>","protected":false},"excerpt":{"rendered":"<p>[vc_row][vc_column][vc_custom_heading text=&#8221;Projeto de Pedagogia Sist\u00e9mica&#8221; use_theme_fonts=&#8221;yes&#8221;][\/vc_column][\/vc_row][vc_row][vc_column][vc_empty_space][\/vc_column][\/vc_row][vc_row][vc_column][vc_single_image image=&#8221;906&#8243; img_size=&#8221;&#8221; alignment=&#8221;center&#8221; onclick=&#8221;link_image&#8221; css_animation=&#8221;none&#8221;][vc_separator color=&#8221;pink&#8221; style=&#8221;shadow&#8221;][vc_row_inner disable_element=&#8221;yes&#8221;][vc_column_inner width=&#8221;1\/4&#8243;][vc_icon icon_fontawesome=&#8221;far fa-calendar&#8221; color=&#8221;white&#8221; background_style=&#8221;rounded&#8221; background_color=&#8221;blue&#8221;&nbsp;<a href=\"https:\/\/esffranco.edu.pt\/web\/clubes\/pedagogia-sistemica\/\">&hellip;<\/a><\/p>\n","protected":false},"author":1,"featured_media":0,"parent":379,"menu_order":16,"comment_status":"closed","ping_status":"closed","template":"template-sidebar-right-childpages.php","meta":{"footnotes":""},"folder":[],"class_list":["post-903","page","type-page","status-publish","hentry","odd"],"_links":{"self":[{"href":"https:\/\/esffranco.edu.pt\/web\/wp-json\/wp\/v2\/pages\/903","targetHints":{"allow":["GET"]}}],"collection":[{"href":"https:\/\/esffranco.edu.pt\/web\/wp-json\/wp\/v2\/pages"}],"about":[{"href":"https:\/\/esffranco.edu.pt\/web\/wp-json\/wp\/v2\/types\/page"}],"author":[{"embeddable":true,"href":"https:\/\/esffranco.edu.pt\/web\/wp-json\/wp\/v2\/users\/1"}],"replies":[{"embeddable":true,"href":"https:\/\/esffranco.edu.pt\/web\/wp-json\/wp\/v2\/comments?post=903"}],"version-history":[{"count":13,"href":"https:\/\/esffranco.edu.pt\/web\/wp-json\/wp\/v2\/pages\/903\/revisions"}],"predecessor-version":[{"id":8057,"href":"https:\/\/esffranco.edu.pt\/web\/wp-json\/wp\/v2\/pages\/903\/revisions\/8057"}],"up":[{"embeddable":true,"href":"https:\/\/esffranco.edu.pt\/web\/wp-json\/wp\/v2\/pages\/379"}],"wp:attachment":[{"href":"https:\/\/esffranco.edu.pt\/web\/wp-json\/wp\/v2\/media?parent=903"}],"wp:term":[{"taxonomy":"folder","embeddable":true,"href":"https:\/\/esffranco.edu.pt\/web\/wp-json\/wp\/v2\/folder?post=903"}],"curies":[{"name":"wp","href":"https:\/\/api.w.org\/{rel}","templated":true}]}}