{"id":834,"date":"2022-07-02T15:37:05","date_gmt":"2022-07-02T14:37:05","guid":{"rendered":"https:\/\/esffranco.edu.pt\/web\/?page_id=834"},"modified":"2025-11-28T23:10:35","modified_gmt":"2025-11-28T23:10:35","slug":"cursos-cientificos-humanisticos","status":"publish","type":"page","link":"https:\/\/esffranco.edu.pt\/web\/ofertaeducativa\/cursos-cientificos-humanisticos\/","title":{"rendered":"Cursos Cient\u00edficos-human\u00edsticos"},"content":{"rendered":"<div class=\"wpb-content-wrapper\"><p>[vc_row][vc_column][vc_custom_heading text=&#8221;Artes Visuais&#8221; use_theme_fonts=&#8221;yes&#8221;][\/vc_column][\/vc_row][vc_row content_placement=&#8221;middle&#8221;][vc_column width=&#8221;1\/4&#8243;][vc_single_image image=&#8221;3343&#8243; img_size=&#8221;medium&#8221; style=&#8221;vc_box_rounded&#8221; css_animation=&#8221;none&#8221;][\/vc_column][vc_column width=&#8221;3\/4&#8243;]\n\t\t\t\t\t<div class=\"wh-theme-icon  scp_theme_icon-b1371391e0ad416243dfd2aa71a9d46b\">\n\t\t\t\t<i class=\"icon-edic_picture_as_pdf\"><\/i>\n\t\t\t<\/div>\n\t\t\t\t[vc_custom_heading text=&#8221;Op\u00e7\u00e3o 1 &#8211; Arquitetura\/Artes&#8221; font_container=&#8221;tag:h6|font_size:13|text_align:left&#8221; use_theme_fonts=&#8221;yes&#8221; css=&#8221;.vc_custom_1657049727157{padding-left: 40px !important;}&#8221; link=&#8221;url:https%3A%2F%2Fesffranco.edu.pt%2Fweb%2Fwp-content%2Fuploads%2F2022%2F07%2FCCH-AV-op1.pdf|title:Op%C3%A7%C3%A3o%201%20-Arquitetura%2FArtes|target:_blank&#8221;]\n\t\t\t\t\t<div class=\"wh-theme-icon  scp_theme_icon-48e5c1fb7b6e9f02ed3cd112b68e2723\">\n\t\t\t\t<i class=\"icon-edic_picture_as_pdf\"><\/i>\n\t\t\t<\/div>\n\t\t\t\t[vc_custom_heading text=&#8221;Op\u00e7\u00e3o 2 &#8211; Artes\/Design&#8221; font_container=&#8221;tag:h6|font_size:13|text_align:left&#8221; use_theme_fonts=&#8221;yes&#8221; css=&#8221;.vc_custom_1657049748104{padding-left: 40px !important;}&#8221; link=&#8221;url:https%3A%2F%2Fesffranco.edu.pt%2Fweb%2Fwp-content%2Fuploads%2F2022%2F07%2FCCH-AV-op2.pdf|title:Op%C3%A7%C3%A3o%202%20-%20Artes%2FDesign|target:_blank&#8221;][\/vc_column][\/vc_row][vc_row][vc_column][vc_custom_heading text=&#8221;Ci\u00eancias e Tecnologias&#8221; use_theme_fonts=&#8221;yes&#8221;][\/vc_column][\/vc_row][vc_row content_placement=&#8221;middle&#8221;][vc_column width=&#8221;1\/4&#8243;][vc_single_image image=&#8221;3345&#8243; img_size=&#8221;medium&#8221; style=&#8221;vc_box_rounded&#8221;][\/vc_column][vc_column width=&#8221;3\/4&#8243;]\n\t\t\t\t\t<div class=\"wh-theme-icon  scp_theme_icon-48e5c1fb7b6e9f02ed3cd112b68e2723\">\n\t\t\t\t<i class=\"icon-edic_picture_as_pdf\"><\/i>\n\t\t\t<\/div>\n\t\t\t\t[vc_custom_heading text=&#8221;Op\u00e7\u00e3o 1 &#8211; Sa\u00fade\/Biologia&#8221; font_container=&#8221;tag:h6|font_size:13|text_align:left&#8221; use_theme_fonts=&#8221;yes&#8221; css=&#8221;.vc_custom_1764371098933{padding-left: 40px !important;}&#8221; link=&#8221;url:https%3A%2F%2Fesffranco.edu.pt%2Fweb%2Fwp-content%2Fuploads%2F2025%2F11%2FCCH-CT-op1.pdf|title:Op%C3%A7%C3%A3o%201%20-%20Sa%C3%BAde%2FBiologia|target:_blank&#8221;]\n\t\t\t\t\t<div class=\"wh-theme-icon  scp_theme_icon-48e5c1fb7b6e9f02ed3cd112b68e2723\">\n\t\t\t\t<i class=\"icon-edic_picture_as_pdf\"><\/i>\n\t\t\t<\/div>\n\t\t\t\t[vc_custom_heading text=&#8221;Op\u00e7\u00e3o 2 &#8211; Engenharias&#8221; font_container=&#8221;tag:h6|font_size:13|text_align:left&#8221; use_theme_fonts=&#8221;yes&#8221; css=&#8221;.vc_custom_1764371172831{padding-left: 40px !important;}&#8221; link=&#8221;url:https%3A%2F%2Fesffranco.edu.pt%2Fweb%2Fwp-content%2Fuploads%2F2025%2F11%2FCCH-CT-op2.pdf|title:Op%C3%A7%C3%A3o%202%20-%20Engenharias|target:_blank&#8221;][\/vc_column][\/vc_row][vc_row][vc_column][vc_custom_heading text=&#8221;Ci\u00eancias Socioecon\u00f3micas&#8221; use_theme_fonts=&#8221;yes&#8221;][\/vc_column][\/vc_row][vc_row content_placement=&#8221;middle&#8221;][vc_column width=&#8221;1\/4&#8243;][vc_single_image image=&#8221;3347&#8243; img_size=&#8221;medium&#8221; style=&#8221;vc_box_rounded&#8221;][\/vc_column][vc_column width=&#8221;3\/4&#8243;]\n\t\t\t\t\t<div class=\"wh-theme-icon  scp_theme_icon-48e5c1fb7b6e9f02ed3cd112b68e2723\">\n\t\t\t\t<i class=\"icon-edic_picture_as_pdf\"><\/i>\n\t\t\t<\/div>\n\t\t\t\t[vc_custom_heading text=&#8221;Op\u00e7\u00e3o 1&#8243; font_container=&#8221;tag:h6|font_size:13|text_align:left&#8221; use_theme_fonts=&#8221;yes&#8221; css=&#8221;.vc_custom_1764371283559{padding-left: 40px !important;}&#8221; link=&#8221;url:https%3A%2F%2Fesffranco.edu.pt%2Fweb%2Fwp-content%2Fuploads%2F2025%2F11%2FCCH-CSE-op1.pdf|title:Op%C3%A7%C3%A3o%201|target:_blank&#8221;]\n\t\t\t\t\t<div class=\"wh-theme-icon  scp_theme_icon-48e5c1fb7b6e9f02ed3cd112b68e2723\">\n\t\t\t\t<i class=\"icon-edic_picture_as_pdf\"><\/i>\n\t\t\t<\/div>\n\t\t\t\t[vc_custom_heading text=&#8221;Op\u00e7\u00e3o 2&#8243; font_container=&#8221;tag:h6|font_size:13|text_align:left&#8221; use_theme_fonts=&#8221;yes&#8221; css=&#8221;.vc_custom_1764371302788{padding-left: 40px !important;}&#8221; link=&#8221;url:https%3A%2F%2Fesffranco.edu.pt%2Fweb%2Fwp-content%2Fuploads%2F2025%2F11%2FCCH-CSE-op2.pdf|title:Op%C3%A7%C3%A3o%202|target:_blank&#8221;][\/vc_column][\/vc_row][vc_row][vc_column][vc_custom_heading text=&#8221;L\u00ednguas e Humanidades&#8221; use_theme_fonts=&#8221;yes&#8221;][\/vc_column][\/vc_row][vc_row content_placement=&#8221;middle&#8221;][vc_column width=&#8221;1\/4&#8243;][vc_single_image image=&#8221;3349&#8243; img_size=&#8221;medium&#8221; style=&#8221;vc_box_rounded&#8221;][\/vc_column][vc_column width=&#8221;3\/4&#8243;]\n\t\t\t\t\t<div class=\"wh-theme-icon  scp_theme_icon-48e5c1fb7b6e9f02ed3cd112b68e2723\">\n\t\t\t\t<i class=\"icon-edic_picture_as_pdf\"><\/i>\n\t\t\t<\/div>\n\t\t\t\t[vc_custom_heading text=&#8221;Op\u00e7\u00e3o 1&#8243; font_container=&#8221;tag:h6|font_size:13|text_align:left&#8221; use_theme_fonts=&#8221;yes&#8221; css=&#8221;.vc_custom_1764371343112{padding-left: 40px !important;}&#8221; link=&#8221;url:https%3A%2F%2Fesffranco.edu.pt%2Fweb%2Fwp-content%2Fuploads%2F2025%2F11%2FCCH-LH-op1.pdf|title:Op%C3%A7%C3%A3o%201|target:_blank&#8221;]\n\t\t\t\t\t<div class=\"wh-theme-icon  scp_theme_icon-48e5c1fb7b6e9f02ed3cd112b68e2723\">\n\t\t\t\t<i class=\"icon-edic_picture_as_pdf\"><\/i>\n\t\t\t<\/div>\n\t\t\t\t[vc_custom_heading text=&#8221;Op\u00e7\u00e3o 2&#8243; font_container=&#8221;tag:h6|font_size:13|text_align:left&#8221; use_theme_fonts=&#8221;yes&#8221; css=&#8221;.vc_custom_1764371365329{padding-left: 40px !important;}&#8221; link=&#8221;url:https%3A%2F%2Fesffranco.edu.pt%2Fweb%2Fwp-content%2Fuploads%2F2025%2F11%2FCCH-LH-op2.pdf|title:Op%C3%A7%C3%A3o%202|target:_blank&#8221;][\/vc_column][\/vc_row]<\/p>\n<\/div>","protected":false},"excerpt":{"rendered":"<p>[vc_row][vc_column][vc_custom_heading text=&#8221;Artes Visuais&#8221; use_theme_fonts=&#8221;yes&#8221;][\/vc_column][\/vc_row][vc_row content_placement=&#8221;middle&#8221;][vc_column width=&#8221;1\/4&#8243;][vc_single_image image=&#8221;3343&#8243; img_size=&#8221;medium&#8221; style=&#8221;vc_box_rounded&#8221; css_animation=&#8221;none&#8221;][\/vc_column][vc_column width=&#8221;3\/4&#8243;][vc_custom_heading text=&#8221;Op\u00e7\u00e3o 1 &#8211; Arquitetura\/Artes&#8221; font_container=&#8221;tag:h6|font_size:13|text_align:left&#8221; use_theme_fonts=&#8221;yes&#8221; css=&#8221;.vc_custom_1657049727157{padding-left: 40px !important;}&#8221;&nbsp;<a href=\"https:\/\/esffranco.edu.pt\/web\/ofertaeducativa\/cursos-cientificos-humanisticos\/\">&hellip;<\/a><\/p>\n","protected":false},"author":1,"featured_media":0,"parent":322,"menu_order":0,"comment_status":"closed","ping_status":"closed","template":"template-sidebar-right-childpages.php","meta":{"footnotes":""},"folder":[],"class_list":["post-834","page","type-page","status-publish","hentry","odd"],"_links":{"self":[{"href":"https:\/\/esffranco.edu.pt\/web\/wp-json\/wp\/v2\/pages\/834","targetHints":{"allow":["GET"]}}],"collection":[{"href":"https:\/\/esffranco.edu.pt\/web\/wp-json\/wp\/v2\/pages"}],"about":[{"href":"https:\/\/esffranco.edu.pt\/web\/wp-json\/wp\/v2\/types\/page"}],"author":[{"embeddable":true,"href":"https:\/\/esffranco.edu.pt\/web\/wp-json\/wp\/v2\/users\/1"}],"replies":[{"embeddable":true,"href":"https:\/\/esffranco.edu.pt\/web\/wp-json\/wp\/v2\/comments?post=834"}],"version-history":[{"count":16,"href":"https:\/\/esffranco.edu.pt\/web\/wp-json\/wp\/v2\/pages\/834\/revisions"}],"predecessor-version":[{"id":8123,"href":"https:\/\/esffranco.edu.pt\/web\/wp-json\/wp\/v2\/pages\/834\/revisions\/8123"}],"up":[{"embeddable":true,"href":"https:\/\/esffranco.edu.pt\/web\/wp-json\/wp\/v2\/pages\/322"}],"wp:attachment":[{"href":"https:\/\/esffranco.edu.pt\/web\/wp-json\/wp\/v2\/media?parent=834"}],"wp:term":[{"taxonomy":"folder","embeddable":true,"href":"https:\/\/esffranco.edu.pt\/web\/wp-json\/wp\/v2\/folder?post=834"}],"curies":[{"name":"wp","href":"https:\/\/api.w.org\/{rel}","templated":true}]}}