{"id":3310,"date":"2023-02-04T11:52:46","date_gmt":"2023-02-04T11:52:46","guid":{"rendered":"https:\/\/esffranco.edu.pt\/web\/?page_id=3310"},"modified":"2025-09-12T15:53:48","modified_gmt":"2025-09-12T14:53:48","slug":"faltas","status":"publish","type":"page","link":"https:\/\/esffranco.edu.pt\/web\/alunos\/faltas\/","title":{"rendered":"Faltas"},"content":{"rendered":"<div class=\"wpb-content-wrapper\"><p>[vc_row][vc_column][vc_custom_heading text=&#8221;Justifica\u00e7\u00e3o de Faltas&#8221; font_container=&#8221;tag:h3|text_align:left&#8221; use_theme_fonts=&#8221;yes&#8221;][\/vc_column][\/vc_row][vc_row][vc_column][vc_column_text]Para justificar as faltas, o Encarregado de Educa\u00e7\u00e3o deve:<\/p>\n<ul>\n<li>Selecionar o formul\u00e1rio referente ao ano (10.\u00ba, 11.\u00ba ou 12.\u00ba) do seu educando e preencher os campos solicitados (dados pessoais, situa\u00e7\u00e3o escolar do aluno, motivo das faltas);<\/li>\n<li>Anexar \u2018foto\u2019 de comprovativos existentes e sempre que o motivo da falta o exigir;<\/li>\n<li>Submeter o formul\u00e1rio do qual recebe uma c\u00f3pia no <em>email<\/em>\u00a0 indicado.<\/li>\n<\/ul>\n<p><b><i>Obs. <\/i><\/b>Os atestados m\u00e9dicos, al\u00e9m de enviados digitalmente, t\u00eam tamb\u00e9m de ser entregues em suporte de papel nos servi\u00e7os administrativos.<\/p>\n<p><b>Os alunos\/encarregados de educa\u00e7\u00e3o que n\u00e3o disponham de meios tecnol\u00f3gicos para recorrer \u00e0 via digital podem justificar as faltas em formato de papel. O documento de justifica\u00e7\u00e3o \u00e9 adquirido na Papelaria e entregue na Secretaria da escola. Esta forma de justificar \u00e9 utilizada excecionalmente.<\/b><\/p>\n<p>Em caso de d\u00favida, contacte o diretor de turma do seu educando ou envie <em>email<\/em> para faltasdt@esffranco.edu.pt.[\/vc_column_text][\/vc_column][\/vc_row][vc_row][vc_column][vc_icon icon_fontawesome=&#8221;fab fa-wpforms&#8221; background_style=&#8221;boxed&#8221;][vc_custom_heading text=&#8221;Justifica\u00e7\u00e3o de Faltas 10.\u00ba Ano&#8221; font_container=&#8221;tag:h5|text_align:left&#8221; use_theme_fonts=&#8221;yes&#8221; css=&#8221;.vc_custom_1757684774669{margin-top: -80px !important;margin-left: 70px !important;}&#8221; link=&#8221;url:https%3A%2F%2Fforms.gle%2FgwQ83NzcgGkHQ9Lc9|target:_blank&#8221;][vc_separator color=&#8221;blue&#8221; css_animation=&#8221;fadeInLeft&#8221;][\/vc_column][\/vc_row][vc_row][vc_column][vc_icon icon_fontawesome=&#8221;fab fa-wpforms&#8221; background_style=&#8221;boxed&#8221;][vc_custom_heading text=&#8221;Justifica\u00e7\u00e3o de Faltas 11.\u00ba Ano&#8221; font_container=&#8221;tag:h5|text_align:left&#8221; use_theme_fonts=&#8221;yes&#8221; css=&#8221;.vc_custom_1757684818374{margin-top: -80px !important;margin-left: 70px !important;}&#8221; link=&#8221;url:https%3A%2F%2Fforms.gle%2FPNDDbGz2TS9dJcCH7|target:_blank&#8221;][vc_separator color=&#8221;blue&#8221; css_animation=&#8221;fadeInLeft&#8221;][\/vc_column][\/vc_row][vc_row][vc_column][vc_icon icon_fontawesome=&#8221;fab fa-wpforms&#8221; background_style=&#8221;boxed&#8221;][vc_custom_heading text=&#8221;Justifica\u00e7\u00e3o de Faltas 12.\u00ba Ano&#8221; font_container=&#8221;tag:h5|text_align:left&#8221; use_theme_fonts=&#8221;yes&#8221; css=&#8221;.vc_custom_1757684836943{margin-top: -80px !important;margin-left: 70px !important;}&#8221; link=&#8221;url:https%3A%2F%2Fforms.gle%2FNqPMhLewa2kFzQwJ6|target:_blank&#8221;][vc_separator color=&#8221;blue&#8221; css_animation=&#8221;fadeInLeft&#8221;][\/vc_column][\/vc_row][vc_row][vc_column][vc_column_text]Em caso de d\u00favida, contacte o diretor de turma do seu educando ou envie <i>mail<\/i>\u00a0para\u00a0<em>faltasdt@esffranco.edu.pt<\/em>.[\/vc_column_text][\/vc_column][\/vc_row]<\/p>\n<\/div>","protected":false},"excerpt":{"rendered":"<p>[vc_row][vc_column][vc_custom_heading text=&#8221;Justifica\u00e7\u00e3o de Faltas&#8221; font_container=&#8221;tag:h3|text_align:left&#8221; use_theme_fonts=&#8221;yes&#8221;][\/vc_column][\/vc_row][vc_row][vc_column][vc_column_text]Para justificar as faltas, o Encarregado de Educa\u00e7\u00e3o deve: Selecionar o formul\u00e1rio referente ao ano&nbsp;<a href=\"https:\/\/esffranco.edu.pt\/web\/alunos\/faltas\/\">&hellip;<\/a><\/p>\n","protected":false},"author":1,"featured_media":0,"parent":309,"menu_order":0,"comment_status":"closed","ping_status":"closed","template":"template-sidebar-right-childpages.php","meta":{"footnotes":""},"folder":[],"class_list":["post-3310","page","type-page","status-publish","hentry","odd"],"_links":{"self":[{"href":"https:\/\/esffranco.edu.pt\/web\/wp-json\/wp\/v2\/pages\/3310","targetHints":{"allow":["GET"]}}],"collection":[{"href":"https:\/\/esffranco.edu.pt\/web\/wp-json\/wp\/v2\/pages"}],"about":[{"href":"https:\/\/esffranco.edu.pt\/web\/wp-json\/wp\/v2\/types\/page"}],"author":[{"embeddable":true,"href":"https:\/\/esffranco.edu.pt\/web\/wp-json\/wp\/v2\/users\/1"}],"replies":[{"embeddable":true,"href":"https:\/\/esffranco.edu.pt\/web\/wp-json\/wp\/v2\/comments?post=3310"}],"version-history":[{"count":6,"href":"https:\/\/esffranco.edu.pt\/web\/wp-json\/wp\/v2\/pages\/3310\/revisions"}],"predecessor-version":[{"id":7874,"href":"https:\/\/esffranco.edu.pt\/web\/wp-json\/wp\/v2\/pages\/3310\/revisions\/7874"}],"up":[{"embeddable":true,"href":"https:\/\/esffranco.edu.pt\/web\/wp-json\/wp\/v2\/pages\/309"}],"wp:attachment":[{"href":"https:\/\/esffranco.edu.pt\/web\/wp-json\/wp\/v2\/media?parent=3310"}],"wp:term":[{"taxonomy":"folder","embeddable":true,"href":"https:\/\/esffranco.edu.pt\/web\/wp-json\/wp\/v2\/folder?post=3310"}],"curies":[{"name":"wp","href":"https:\/\/api.w.org\/{rel}","templated":true}]}}