{"id":309,"date":"2022-01-16T10:40:33","date_gmt":"2022-01-16T10:40:33","guid":{"rendered":"https:\/\/esffranco.edu.pt\/web\/?page_id=309"},"modified":"2025-12-11T20:13:03","modified_gmt":"2025-12-11T20:13:03","slug":"alunos","status":"publish","type":"page","link":"https:\/\/esffranco.edu.pt\/web\/alunos\/","title":{"rendered":"Alunos"},"content":{"rendered":"<div class=\"wpb-content-wrapper\"><p>[vc_row][vc_column][vc_custom_heading text=&#8221;Resultados&#8221; use_theme_fonts=&#8221;yes&#8221;][vc_row_inner][vc_column_inner][vc_progress_bar values=&#8221;%5B%7B%22label%22%3A%22Alunos%20com%20notas%20entre%2019%2C5%20e%2020%20valores%20nos%20exames%20nacionais%20-%2041%22%2C%22value%22%3A%2241%22%2C%22color%22%3A%22custom%22%2C%22customcolor%22%3A%22%234184bf%22%2C%22customtxtcolor%22%3A%22%23000000%22%7D%2C%7B%22label%22%3A%22Alunos%20com%20notas%20superiores%20entre%2018%20e%2020%20valores%20no%20exames%20nacionais%20-%20265%22%2C%22value%22%3A%22265%22%2C%22color%22%3A%22custom%22%2C%22customcolor%22%3A%22%23dd3333%22%2C%22customtxtcolor%22%3A%22%23000000%22%7D%2C%7B%22label%22%3A%22Alunos%20com%20notas%20superiores%20a%2014%20valores%20no%20exames%20nacionais%20-%20782%22%2C%22value%22%3A%22782%22%2C%22color%22%3A%22custom%22%2C%22customcolor%22%3A%22%23225139%22%2C%22customtxtcolor%22%3A%22%23FFFFFF%22%7D%5D&#8221; bgcolor=&#8221;custom&#8221; options=&#8221;striped,animated&#8221; css=&#8221;&#8221; customtxtcolor=&#8221;#000000&#8243; custombgcolor=&#8221;#81d742&#8243;][\/vc_column_inner][\/vc_row_inner][vc_row_inner disable_element=&#8221;yes&#8221;][vc_column_inner][vc_progress_bar values=&#8221;%5B%7B%22label%22%3A%22Alunos%20com%20200%20pontos%20(20%20valores)%20nos%20exames%20nacionais%20-%2013%22%2C%22value%22%3A%2213%22%2C%22color%22%3A%22custom%22%2C%22customcolor%22%3A%22rgba(30%2C115%2C190%2C0.7)%22%2C%22customtxtcolor%22%3A%22%23000000%22%7D%2C%7B%22label%22%3A%22Alunos%20entre%20195%20e%20199%20ponto%20(20%20valores)%20nos%20exames%20nacionais%20-%2030%22%2C%22value%22%3A%2230%22%2C%22color%22%3A%22custom%22%2C%22customcolor%22%3A%22%23dd0000%22%2C%22customtxtcolor%22%3A%22%23000000%22%7D%5D&#8221; bgcolor=&#8221;custom&#8221; options=&#8221;striped,animated&#8221; custombgcolor=&#8221;#1e73be&#8221; customtxtcolor=&#8221;#000000&#8243;][\/vc_column_inner][\/vc_row_inner][\/vc_column][\/vc_row][vc_row][vc_column width=&#8221;1\/2&#8243;][vc_pie value=&#8221;17.3&#8243; label_value=&#8221;17.3&#8243; color=&#8221;juicy-pink&#8221; css=&#8221;&#8221; units=&#8221;%&#8221;][vc_custom_heading text=&#8221;Notas entre 18 e 20 valores.&#8221; font_container=&#8221;tag:p|text_align:justify&#8221; use_theme_fonts=&#8221;yes&#8221; css=&#8221;&#8221;][\/vc_column][vc_column width=&#8221;1\/2&#8243;][vc_pie value=&#8221;51.3&#8243; label_value=&#8221;51.3&#8243; color=&#8221;green&#8221; css=&#8221;&#8221; units=&#8221;%&#8221;][vc_custom_heading text=&#8221;Notas superiores a 14 valores.&#8221; font_container=&#8221;tag:h6|text_align:justify&#8221; use_theme_fonts=&#8221;yes&#8221; css=&#8221;&#8221;][\/vc_column][\/vc_row][vc_row][vc_column width=&#8221;1\/2&#8243;][\/vc_column][vc_column width=&#8221;1\/2&#8243;][\/vc_column][\/vc_row][vc_row disable_element=&#8221;yes&#8221;][vc_column][vc_cta h2=&#8221;17&#8243; h2_font_container=&#8221;tag:h2|text_align:left|color:%23dd3333&#8243; h2_google_fonts=&#8221;font_family:Roboto%3A100%2C100italic%2C300%2C300italic%2Cregular%2Citalic%2C500%2C500italic%2C700%2C700italic%2C900%2C900italic|font_style:900%20bold%20regular%3A900%3Anormal&#8221; use_custom_fonts_h2=&#8221;true&#8221;]N\u00famero de disciplinas com aulas de prepara\u00e7\u00e3o para os exames nacionais.[\/vc_cta][vc_cta h2=&#8221;10&#8243; h2_font_container=&#8221;tag:h2|text_align:left|color:%23dd3333&#8243; h2_google_fonts=&#8221;font_family:Roboto%3A100%2C100italic%2C300%2C300italic%2Cregular%2Citalic%2C500%2C500italic%2C700%2C700italic%2C900%2C900italic|font_style:900%20bold%20regular%3A900%3Anormal&#8221; use_custom_fonts_h2=&#8221;true&#8221;]Alunos (dos 15 da regi\u00e3o) com bolsa de m\u00e9rito regional.[\/vc_cta][vc_cta h2=&#8221;8&#8243; h2_font_container=&#8221;tag:h2|text_align:left|color:%23dd3333&#8243; h2_google_fonts=&#8221;font_family:Roboto%3A100%2C100italic%2C300%2C300italic%2Cregular%2Citalic%2C500%2C500italic%2C700%2C700italic%2C900%2C900italic|font_style:900%20bold%20regular%3A900%3Anormal&#8221; use_custom_fonts_h2=&#8221;true&#8221;]Alunos com classifica\u00e7\u00e3o final de 20 valores em todas as disciplinas.[\/vc_cta][\/vc_column][\/vc_row][vc_row disable_element=&#8221;yes&#8221;][vc_column][vc_custom_heading text=&#8221;Rankings&#8221; use_theme_fonts=&#8221;yes&#8221;][\/vc_column][\/vc_row][vc_row disable_element=&#8221;yes&#8221;][vc_column width=&#8221;1\/3&#8243;][vc_single_image image=&#8221;6061&#8243; onclick=&#8221;link_image&#8221;][\/vc_column][vc_column width=&#8221;1\/3&#8243;][vc_single_image image=&#8221;6062&#8243; onclick=&#8221;link_image&#8221;][\/vc_column][vc_column width=&#8221;1\/3&#8243;][vc_single_image image=&#8221;6060&#8243; onclick=&#8221;link_image&#8221;][\/vc_column][\/vc_row]<\/p>\n<\/div>","protected":false},"excerpt":{"rendered":"<p>[vc_row][vc_column][vc_custom_heading text=&#8221;Resultados&#8221; use_theme_fonts=&#8221;yes&#8221;][vc_row_inner][vc_column_inner][vc_progress_bar values=&#8221;%5B%7B%22label%22%3A%22Alunos%20com%20notas%20entre%2019%2C5%20e%2020%20valores%20nos%20exames%20nacionais%20-%2041%22%2C%22value%22%3A%2241%22%2C%22color%22%3A%22custom%22%2C%22customcolor%22%3A%22%234184bf%22%2C%22customtxtcolor%22%3A%22%23000000%22%7D%2C%7B%22label%22%3A%22Alunos%20com%20notas%20superiores%20entre%2018%20e%2020%20valores%20no%20exames%20nacionais%20-%20265%22%2C%22value%22%3A%22265%22%2C%22color%22%3A%22custom%22%2C%22customcolor%22%3A%22%23dd3333%22%2C%22customtxtcolor%22%3A%22%23000000%22%7D%2C%7B%22label%22%3A%22Alunos%20com%20notas%20superiores%20a%2014%20valores%20no%20exames%20nacionais%20-%20782%22%2C%22value%22%3A%22782%22%2C%22color%22%3A%22custom%22%2C%22customcolor%22%3A%22%23225139%22%2C%22customtxtcolor%22%3A%22%23FFFFFF%22%7D%5D&#8221; bgcolor=&#8221;custom&#8221; options=&#8221;striped,animated&#8221; css=&#8221;&#8221; customtxtcolor=&#8221;#000000&#8243; custombgcolor=&#8221;#81d742&#8243;][\/vc_column_inner][\/vc_row_inner][vc_row_inner disable_element=&#8221;yes&#8221;][vc_column_inner][vc_progress_bar values=&#8221;%5B%7B%22label%22%3A%22Alunos%20com%20200%20pontos%20(20%20valores)%20nos%20exames%20nacionais%20-%2013%22%2C%22value%22%3A%2213%22%2C%22color%22%3A%22custom%22%2C%22customcolor%22%3A%22rgba(30%2C115%2C190%2C0.7)%22%2C%22customtxtcolor%22%3A%22%23000000%22%7D%2C%7B%22label%22%3A%22Alunos%20entre%20195%20e%20199%20ponto%20(20%20valores)%20nos%20exames%20nacionais%20-%2030%22%2C%22value%22%3A%2230%22%2C%22color%22%3A%22custom%22%2C%22customcolor%22%3A%22%23dd0000%22%2C%22customtxtcolor%22%3A%22%23000000%22%7D%5D&#8221; bgcolor=&#8221;custom&#8221; options=&#8221;striped,animated&#8221; custombgcolor=&#8221;#1e73be&#8221; customtxtcolor=&#8221;#000000&#8243;][\/vc_column_inner][\/vc_row_inner][\/vc_column][\/vc_row][vc_row][vc_column width=&#8221;1\/2&#8243;][vc_pie value=&#8221;17.3&#8243; label_value=&#8221;17.3&#8243; color=&#8221;juicy-pink&#8221; css=&#8221;&#8221;&nbsp;<a href=\"https:\/\/esffranco.edu.pt\/web\/alunos\/\">&hellip;<\/a><\/p>\n","protected":false},"author":1,"featured_media":0,"parent":0,"menu_order":0,"comment_status":"closed","ping_status":"closed","template":"template-sidebar-right-childpages.php","meta":{"footnotes":""},"folder":[],"class_list":["post-309","page","type-page","status-publish","hentry","odd"],"_links":{"self":[{"href":"https:\/\/esffranco.edu.pt\/web\/wp-json\/wp\/v2\/pages\/309","targetHints":{"allow":["GET"]}}],"collection":[{"href":"https:\/\/esffranco.edu.pt\/web\/wp-json\/wp\/v2\/pages"}],"about":[{"href":"https:\/\/esffranco.edu.pt\/web\/wp-json\/wp\/v2\/types\/page"}],"author":[{"embeddable":true,"href":"https:\/\/esffranco.edu.pt\/web\/wp-json\/wp\/v2\/users\/1"}],"replies":[{"embeddable":true,"href":"https:\/\/esffranco.edu.pt\/web\/wp-json\/wp\/v2\/comments?post=309"}],"version-history":[{"count":14,"href":"https:\/\/esffranco.edu.pt\/web\/wp-json\/wp\/v2\/pages\/309\/revisions"}],"predecessor-version":[{"id":8146,"href":"https:\/\/esffranco.edu.pt\/web\/wp-json\/wp\/v2\/pages\/309\/revisions\/8146"}],"wp:attachment":[{"href":"https:\/\/esffranco.edu.pt\/web\/wp-json\/wp\/v2\/media?parent=309"}],"wp:term":[{"taxonomy":"folder","embeddable":true,"href":"https:\/\/esffranco.edu.pt\/web\/wp-json\/wp\/v2\/folder?post=309"}],"curies":[{"name":"wp","href":"https:\/\/api.w.org\/{rel}","templated":true}]}}