{"id":1332,"date":"2022-10-17T17:12:16","date_gmt":"2022-10-17T16:12:16","guid":{"rendered":"https:\/\/esffranco.edu.pt\/web\/?page_id=1332"},"modified":"2025-10-12T11:33:09","modified_gmt":"2025-10-12T10:33:09","slug":"lis","status":"publish","type":"page","link":"https:\/\/esffranco.edu.pt\/web\/clubes\/lis\/","title":{"rendered":"LIS"},"content":{"rendered":"<div class=\"wpb-content-wrapper\"><p>[vc_row][vc_column][vc_custom_heading text=&#8221;Projeto LIS&#8221; use_theme_fonts=&#8221;yes&#8221;][\/vc_column][\/vc_row][vc_row][vc_column][vc_single_image image=&#8221;1335&#8243; img_size=&#8221;medium&#8221; alignment=&#8221;center&#8221; onclick=&#8221;link_image&#8221; css_animation=&#8221;none&#8221;][\/vc_column][\/vc_row][vc_row equal_height=&#8221;yes&#8221; content_placement=&#8221;middle&#8221; disable_element=&#8221;yes&#8221;][vc_column width=&#8221;1\/6&#8243;][vc_custom_heading text=&#8221;Objetivos&#8221; font_container=&#8221;tag:h5|text_align:left&#8221; use_theme_fonts=&#8221;yes&#8221;][vc_icon icon_fontawesome=&#8221;fas fa-list&#8221; color=&#8221;grey&#8221; background_style=&#8221;rounded&#8221; background_color=&#8221;blue&#8221; align=&#8221;center&#8221;][\/vc_column][vc_column width=&#8221;5\/6&#8243;][vc_column_text]<\/p>\n<ul>\n<li>O Projeto LIS foi desenhado para trabalhar com um p\u00fablico estudantil do Ensino Secund\u00e1rio e tem os seguintes objetivos: questionar o real, fazer investiga\u00e7\u00e3o e desenvolver projetos de interven\u00e7\u00e3o c\u00edvica na realidade social.<\/li>\n<li>O LIS apresenta a seguinte linha conceptual de atua\u00e7\u00e3o:\n<ul>\n<li>Inquirir &#8211; o porqu\u00ea das coisas.<\/li>\n<li>Investigar &#8211; o modo de funcionamento da realidade, estudando as causas, os efeitos e consequ\u00eancias dos fen\u00f3menos.<\/li>\n<li>Intervir &#8211; de forma cr\u00edtica, pr\u00f3-ativa e transformadora.<\/li>\n<\/ul>\n<\/li>\n<li>A pr\u00e1tica investigativa neste projeto e neste contexto escolar espec\u00edfico tem sentido se tivermos presentes algumas condi\u00e7\u00f5es da sua identidade:\n<ul>\n<li>Ser um espa\u00e7o de aprendizagem de conhecimentos te\u00f3ricos- pr\u00e1ticos n\u00e3o apenas sobre o processo de investiga\u00e7\u00e3o em si, mas sobre o tema \/problema social escolhido de modo a que se possa ter uma vis\u00e3o mais profunda dos modos como pensam e atuam, e as suas expectativas futuras.<\/li>\n<li>Ser um contributo com impacto real e disponibilizado na e para a comunidade, com o objetivo de contribuir para uma mudan\u00e7a significativa da sua qualidade de vida nas suas v\u00e1rias dimens\u00f5es.<\/li>\n<\/ul>\n<\/li>\n<\/ul>\n<p>[\/vc_column_text][\/vc_column][\/vc_row][vc_row equal_height=&#8221;yes&#8221; content_placement=&#8221;middle&#8221;][vc_column width=&#8221;1\/6&#8243;][vc_custom_heading text=&#8221;Objetivos&#8221; font_container=&#8221;tag:h5|text_align:left&#8221; use_theme_fonts=&#8221;yes&#8221;][vc_icon icon_fontawesome=&#8221;fas fa-list&#8221; color=&#8221;grey&#8221; background_style=&#8221;rounded&#8221; background_color=&#8221;blue&#8221; align=&#8221;center&#8221;][\/vc_column][vc_column width=&#8221;5\/6&#8243;][vc_column_text css=&#8221;&#8221;]<\/p>\n<ul>\n<li>Investiga\u00e7\u00e3o Sociol\u00f3gica<\/li>\n<li>Confer\u00eancias \/ F\u00f3runs de Debate<\/li>\n<li>Trabalho de Campo<\/li>\n<li>Projetos de Interven\u00e7\u00e3o Social<\/li>\n<li>Voluntariado<\/li>\n<\/ul>\n<p>[\/vc_column_text][\/vc_column][\/vc_row][vc_row content_placement=&#8221;middle&#8221;][vc_column width=&#8221;1\/6&#8243;][vc_custom_heading text=&#8221;Equipa&#8221; font_container=&#8221;tag:h5|text_align:left&#8221; use_theme_fonts=&#8221;yes&#8221;][vc_icon icon_fontawesome=&#8221;fas fa-users&#8221; color=&#8221;grey&#8221; background_style=&#8221;rounded&#8221; background_color=&#8221;blue&#8221; align=&#8221;center&#8221;][\/vc_column][vc_column width=&#8221;5\/6&#8243;][vc_column_text]<\/p>\n<ul>\n<li>Prof.\u00aa Sandra Freitas<\/li>\n<\/ul>\n<p>[\/vc_column_text][\/vc_column][\/vc_row][vc_row content_placement=&#8221;middle&#8221;][vc_column width=&#8221;1\/6&#8243;][vc_custom_heading text=&#8221;Hor\u00e1rio&#8221; font_container=&#8221;tag:h5|text_align:left&#8221; use_theme_fonts=&#8221;yes&#8221;][vc_icon icon_fontawesome=&#8221;fas fa-calendar-alt&#8221; color=&#8221;grey&#8221; background_style=&#8221;rounded&#8221; background_color=&#8221;blue&#8221; align=&#8221;center&#8221;][\/vc_column][vc_column width=&#8221;5\/6&#8243;][vc_column_text css=&#8221;&#8221;]<\/p>\n<ul>\n<li>Ter\u00e7a-feira das 10:00 \u00e0s 13:15<\/li>\n<\/ul>\n<p>[\/vc_column_text][\/vc_column][\/vc_row][vc_row equal_height=&#8221;yes&#8221; content_placement=&#8221;middle&#8221;][vc_column width=&#8221;1\/6&#8243;][vc_custom_heading text=&#8221;Local&#8221; font_container=&#8221;tag:h5|text_align:left&#8221; use_theme_fonts=&#8221;yes&#8221;][vc_icon icon_fontawesome=&#8221;far fa-map&#8221; color=&#8221;grey&#8221; background_style=&#8221;rounded&#8221; background_color=&#8221;blue&#8221; align=&#8221;center&#8221;][\/vc_column][vc_column width=&#8221;5\/6&#8243;][vc_column_text]<\/p>\n<ul>\n<li>Biblioteca<\/li>\n<\/ul>\n<p>[\/vc_column_text][\/vc_column][\/vc_row][vc_row content_placement=&#8221;middle&#8221;][vc_column width=&#8221;1\/6&#8243;][vc_custom_heading text=&#8221;Contactos&#8221; font_container=&#8221;tag:h5|text_align:left&#8221; use_theme_fonts=&#8221;yes&#8221;][\/vc_column][vc_column width=&#8221;5\/6&#8243;][vc_row_inner content_placement=&#8221;middle&#8221;][vc_column_inner width=&#8221;1\/6&#8243;][vc_icon icon_fontawesome=&#8221;far fa-envelope&#8221; background_style=&#8221;rounded&#8221; size=&#8221;sm&#8221; align=&#8221;center&#8221;][\/vc_column_inner][vc_column_inner width=&#8221;5\/6&#8243;][vc_column_text css=&#8221;&#8221;]lis@esffranco.edu.pt[\/vc_column_text][\/vc_column_inner][\/vc_row_inner][vc_row_inner content_placement=&#8221;middle&#8221;][vc_column_inner width=&#8221;1\/6&#8243;][vc_icon icon_fontawesome=&#8221;fab fa-facebook&#8221; background_style=&#8221;rounded&#8221; size=&#8221;sm&#8221; align=&#8221;center&#8221; css=&#8221;&#8221;][\/vc_column_inner][vc_column_inner width=&#8221;5\/6&#8243;][vc_column_text css=&#8221;&#8221;]<a href=\"https:\/\/www.facebook.com\/lis.esff.7\">LIS<\/a>[\/vc_column_text][\/vc_column_inner][\/vc_row_inner][\/vc_column][\/vc_row]<\/p>\n<\/div>","protected":false},"excerpt":{"rendered":"<p>[vc_row][vc_column][vc_custom_heading text=&#8221;Projeto LIS&#8221; use_theme_fonts=&#8221;yes&#8221;][\/vc_column][\/vc_row][vc_row][vc_column][vc_single_image image=&#8221;1335&#8243; img_size=&#8221;medium&#8221; alignment=&#8221;center&#8221; onclick=&#8221;link_image&#8221; css_animation=&#8221;none&#8221;][\/vc_column][\/vc_row][vc_row equal_height=&#8221;yes&#8221; content_placement=&#8221;middle&#8221; disable_element=&#8221;yes&#8221;][vc_column width=&#8221;1\/6&#8243;][vc_custom_heading text=&#8221;Objetivos&#8221; font_container=&#8221;tag:h5|text_align:left&#8221; use_theme_fonts=&#8221;yes&#8221;][vc_icon icon_fontawesome=&#8221;fas fa-list&#8221; color=&#8221;grey&#8221; background_style=&#8221;rounded&#8221;&nbsp;<a href=\"https:\/\/esffranco.edu.pt\/web\/clubes\/lis\/\">&hellip;<\/a><\/p>\n","protected":false},"author":1,"featured_media":0,"parent":379,"menu_order":24,"comment_status":"closed","ping_status":"closed","template":"template-sidebar-right-childpages.php","meta":{"footnotes":""},"folder":[],"class_list":["post-1332","page","type-page","status-publish","hentry","odd"],"_links":{"self":[{"href":"https:\/\/esffranco.edu.pt\/web\/wp-json\/wp\/v2\/pages\/1332","targetHints":{"allow":["GET"]}}],"collection":[{"href":"https:\/\/esffranco.edu.pt\/web\/wp-json\/wp\/v2\/pages"}],"about":[{"href":"https:\/\/esffranco.edu.pt\/web\/wp-json\/wp\/v2\/types\/page"}],"author":[{"embeddable":true,"href":"https:\/\/esffranco.edu.pt\/web\/wp-json\/wp\/v2\/users\/1"}],"replies":[{"embeddable":true,"href":"https:\/\/esffranco.edu.pt\/web\/wp-json\/wp\/v2\/comments?post=1332"}],"version-history":[{"count":8,"href":"https:\/\/esffranco.edu.pt\/web\/wp-json\/wp\/v2\/pages\/1332\/revisions"}],"predecessor-version":[{"id":7914,"href":"https:\/\/esffranco.edu.pt\/web\/wp-json\/wp\/v2\/pages\/1332\/revisions\/7914"}],"up":[{"embeddable":true,"href":"https:\/\/esffranco.edu.pt\/web\/wp-json\/wp\/v2\/pages\/379"}],"wp:attachment":[{"href":"https:\/\/esffranco.edu.pt\/web\/wp-json\/wp\/v2\/media?parent=1332"}],"wp:term":[{"taxonomy":"folder","embeddable":true,"href":"https:\/\/esffranco.edu.pt\/web\/wp-json\/wp\/v2\/folder?post=1332"}],"curies":[{"name":"wp","href":"https:\/\/api.w.org\/{rel}","templated":true}]}}

<div class="wpb-content-wrapper"><p>[vc_row][vc_column][vc_custom_heading text=&#8221;Projeto LIS&#8221; use_theme_fonts=&#8221;yes&#8221;][/vc_column][/vc_row][vc_row][vc_column][vc_single_image image=&#8221;1335&#8243; img_size=&#8221;medium&#8221; alignment=&#8221;center&#8221; onclick=&#8221;link_image&#8221; css_animation=&#8221;none&#8221;][/vc_column][/vc_row][vc_row equal_height=&#8221;yes&#8221; content_placement=&#8221;middle&#8221; disable_element=&#8221;yes&#8221;][vc_column width=&#8221;1/6&#8243;][vc_custom_heading text=&#8221;Objetivos&#8221; font_container=&#8221;tag:h5|text_align:left&#8221; use_theme_fonts=&#8221;yes&#8221;][vc_icon icon_fontawesome=&#8221;fas fa-list&#8221; color=&#8221;grey&#8221; background_style=&#8221;rounded&#8221; background_color=&#8221;blue&#8221; align=&#8221;center&#8221;][/vc_column][vc_column width=&#8221;5/6&#8243;][vc_column_text]</p>
<ul>
<li>O Projeto LIS foi desenhado para trabalhar com um público estudantil do Ensino Secundário e tem os seguintes objetivos: questionar o real, fazer investigação e desenvolver projetos de intervenção cívica na realidade social.</li>
<li>O LIS apresenta a seguinte linha conceptual de atuação:
<ul>
<li>Inquirir &#8211; o porquê das coisas.</li>
<li>Investigar &#8211; o modo de funcionamento da realidade, estudando as causas, os efeitos e consequências dos fenómenos.</li>
<li>Intervir &#8211; de forma crítica, pró-ativa e transformadora.</li>
</ul>
</li>
<li>A prática investigativa neste projeto e neste contexto escolar específico tem sentido se tivermos presentes algumas condições da sua identidade:
<ul>
<li>Ser um espaço de aprendizagem de conhecimentos teóricos- práticos não apenas sobre o processo de investigação em si, mas sobre o tema /problema social escolhido de modo a que se possa ter uma visão mais profunda dos modos como pensam e atuam, e as suas expectativas futuras.</li>
<li>Ser um contributo com impacto real e disponibilizado na e para a comunidade, com o objetivo de contribuir para uma mudança significativa da sua qualidade de vida nas suas várias dimensões.</li>
</ul>
</li>
</ul>
<p>[/vc_column_text][/vc_column][/vc_row][vc_row equal_height=&#8221;yes&#8221; content_placement=&#8221;middle&#8221;][vc_column width=&#8221;1/6&#8243;][vc_custom_heading text=&#8221;Objetivos&#8221; font_container=&#8221;tag:h5|text_align:left&#8221; use_theme_fonts=&#8221;yes&#8221;][vc_icon icon_fontawesome=&#8221;fas fa-list&#8221; color=&#8221;grey&#8221; background_style=&#8221;rounded&#8221; background_color=&#8221;blue&#8221; align=&#8221;center&#8221;][/vc_column][vc_column width=&#8221;5/6&#8243;][vc_column_text css=&#8221;&#8221;]</p>
<ul>
<li>Investigação Sociológica</li>
<li>Conferências / Fóruns de Debate</li>
<li>Trabalho de Campo</li>
<li>Projetos de Intervenção Social</li>
<li>Voluntariado</li>
</ul>
<p>[/vc_column_text][/vc_column][/vc_row][vc_row content_placement=&#8221;middle&#8221;][vc_column width=&#8221;1/6&#8243;][vc_custom_heading text=&#8221;Equipa&#8221; font_container=&#8221;tag:h5|text_align:left&#8221; use_theme_fonts=&#8221;yes&#8221;][vc_icon icon_fontawesome=&#8221;fas fa-users&#8221; color=&#8221;grey&#8221; background_style=&#8221;rounded&#8221; background_color=&#8221;blue&#8221; align=&#8221;center&#8221;][/vc_column][vc_column width=&#8221;5/6&#8243;][vc_column_text]</p>
<ul>
<li>Prof.ª Sandra Freitas</li>
</ul>
<p>[/vc_column_text][/vc_column][/vc_row][vc_row content_placement=&#8221;middle&#8221;][vc_column width=&#8221;1/6&#8243;][vc_custom_heading text=&#8221;Horário&#8221; font_container=&#8221;tag:h5|text_align:left&#8221; use_theme_fonts=&#8221;yes&#8221;][vc_icon icon_fontawesome=&#8221;fas fa-calendar-alt&#8221; color=&#8221;grey&#8221; background_style=&#8221;rounded&#8221; background_color=&#8221;blue&#8221; align=&#8221;center&#8221;][/vc_column][vc_column width=&#8221;5/6&#8243;][vc_column_text css=&#8221;&#8221;]</p>
<ul>
<li>Terça-feira das 10:00 às 13:15</li>
</ul>
<p>[/vc_column_text][/vc_column][/vc_row][vc_row equal_height=&#8221;yes&#8221; content_placement=&#8221;middle&#8221;][vc_column width=&#8221;1/6&#8243;][vc_custom_heading text=&#8221;Local&#8221; font_container=&#8221;tag:h5|text_align:left&#8221; use_theme_fonts=&#8221;yes&#8221;][vc_icon icon_fontawesome=&#8221;far fa-map&#8221; color=&#8221;grey&#8221; background_style=&#8221;rounded&#8221; background_color=&#8221;blue&#8221; align=&#8221;center&#8221;][/vc_column][vc_column width=&#8221;5/6&#8243;][vc_column_text]</p>
<ul>
<li>Biblioteca</li>
</ul>
<p>[/vc_column_text][/vc_column][/vc_row][vc_row content_placement=&#8221;middle&#8221;][vc_column width=&#8221;1/6&#8243;][vc_custom_heading text=&#8221;Contactos&#8221; font_container=&#8221;tag:h5|text_align:left&#8221; use_theme_fonts=&#8221;yes&#8221;][/vc_column][vc_column width=&#8221;5/6&#8243;][vc_row_inner content_placement=&#8221;middle&#8221;][vc_column_inner width=&#8221;1/6&#8243;][vc_icon icon_fontawesome=&#8221;far fa-envelope&#8221; background_style=&#8221;rounded&#8221; size=&#8221;sm&#8221; align=&#8221;center&#8221;][/vc_column_inner][vc_column_inner width=&#8221;5/6&#8243;][vc_column_text css=&#8221;&#8221;]lis@esffranco.edu.pt[/vc_column_text][/vc_column_inner][/vc_row_inner][vc_row_inner content_placement=&#8221;middle&#8221;][vc_column_inner width=&#8221;1/6&#8243;][vc_icon icon_fontawesome=&#8221;fab fa-facebook&#8221; background_style=&#8221;rounded&#8221; size=&#8221;sm&#8221; align=&#8221;center&#8221; css=&#8221;&#8221;][/vc_column_inner][vc_column_inner width=&#8221;5/6&#8243;][vc_column_text css=&#8221;&#8221;]<a href="https://www.facebook.com/lis.esff.7">LIS</a>[/vc_column_text][/vc_column_inner][/vc_row_inner][/vc_column][/vc_row]</p>
</div>
