{"id":1323,"date":"2024-11-03T20:43:05","date_gmt":"2024-11-03T20:43:05","guid":{"rendered":"https:\/\/esffranco.edu.pt\/web\/?page_id=1323"},"modified":"2025-11-04T10:28:32","modified_gmt":"2025-11-04T10:28:32","slug":"corpus","status":"publish","type":"page","link":"https:\/\/esffranco.edu.pt\/web\/clubes\/corpus\/","title":{"rendered":"Oficina de Teatro CORPUS"},"content":{"rendered":"<div class=\"wpb-content-wrapper\"><p>[vc_row][vc_column][vc_custom_heading text=&#8221;Oficina de Teatro CORPUS&#8221; use_theme_fonts=&#8221;yes&#8221;][\/vc_column][\/vc_row][vc_row][vc_column][vc_empty_space][\/vc_column][\/vc_row][vc_row][vc_column][vc_single_image image=&#8221;6269&#8243; img_size=&#8221;medium&#8221; alignment=&#8221;center&#8221; onclick=&#8221;link_image&#8221; css_animation=&#8221;none&#8221;][\/vc_column][\/vc_row][vc_row equal_height=&#8221;yes&#8221; content_placement=&#8221;middle&#8221;][vc_column width=&#8221;1\/6&#8243;][vc_custom_heading text=&#8221;Objetivos&#8221; font_container=&#8221;tag:h5|text_align:left&#8221; use_theme_fonts=&#8221;yes&#8221;][vc_icon icon_fontawesome=&#8221;fas fa-list&#8221; color=&#8221;grey&#8221; background_style=&#8221;rounded&#8221; background_color=&#8221;blue&#8221; align=&#8221;center&#8221;][\/vc_column][vc_column width=&#8221;5\/6&#8243;][vc_column_text]A Oficina de Teatro CORPUS \u00e9 uma proposta para todos aqueles que gostam de se expressar ou est\u00e3o \u00e0 procura de uma forma descontra\u00edda e divertida de ganhar mais confian\u00e7a. Ter ou n\u00e3o experi\u00eancia de palco n\u00e3o \u00e9 um requisito, pois todos ter\u00e3o oportunidade de explorar o seu potencial.<\/p>\n<p>A OTC \u00e9 um espa\u00e7o para express\u00e3o art\u00edstica, onde exploramos o mundo c\u00e9nico, desde a produ\u00e7\u00e3o at\u00e9 \u00e0 atua\u00e7\u00e3o, de modo a experimentar cada etapa de uma pe\u00e7a de teatro.<\/p>\n<p>Benef\u00edcios de Participar<br \/>\nDesenvolvimento Pessoal: aumente a sua autoconfian\u00e7a e habilidades de comunica\u00e7\u00e3o.<br \/>\nTrabalho em Equipa: aprenda a colaborar e a resolver problemas em conjunto.<br \/>\nCriatividade: explore novas ideias e formas de express\u00e3o art\u00edstica.[\/vc_column_text][\/vc_column][\/vc_row][vc_row content_placement=&#8221;middle&#8221;][vc_column width=&#8221;1\/6&#8243;][vc_custom_heading text=&#8221;Equipa&#8221; font_container=&#8221;tag:h5|text_align:left&#8221; use_theme_fonts=&#8221;yes&#8221;][vc_icon icon_fontawesome=&#8221;fas fa-users&#8221; color=&#8221;grey&#8221; background_style=&#8221;rounded&#8221; background_color=&#8221;blue&#8221; align=&#8221;center&#8221;][\/vc_column][vc_column width=&#8221;5\/6&#8243;][vc_column_text]Prof.\u00aa Micaela Martins<br \/>\nProf.\u00aa Ros\u00e1rio Antunes[\/vc_column_text][\/vc_column][\/vc_row][vc_row content_placement=&#8221;middle&#8221;][vc_column width=&#8221;1\/6&#8243;][vc_custom_heading text=&#8221;Hor\u00e1rio&#8221; font_container=&#8221;tag:h5|text_align:left&#8221; use_theme_fonts=&#8221;yes&#8221;][vc_icon icon_fontawesome=&#8221;fas fa-calendar-alt&#8221; color=&#8221;grey&#8221; background_style=&#8221;rounded&#8221; background_color=&#8221;blue&#8221; align=&#8221;center&#8221;][\/vc_column][vc_column width=&#8221;5\/6&#8243;][vc_column_text css=&#8221;&#8221;]Ter\u00e7a-feira das 13:30 \u00e0s 15:00<br \/>\nQuinta-feira das 15:15 \u00e0s 16:45[\/vc_column_text][\/vc_column][\/vc_row][vc_row equal_height=&#8221;yes&#8221; content_placement=&#8221;middle&#8221;][vc_column width=&#8221;1\/6&#8243;][vc_custom_heading text=&#8221;Local&#8221; font_container=&#8221;tag:h5|text_align:left&#8221; use_theme_fonts=&#8221;yes&#8221;][vc_icon icon_fontawesome=&#8221;far fa-map&#8221; color=&#8221;grey&#8221; background_style=&#8221;rounded&#8221; background_color=&#8221;blue&#8221; align=&#8221;center&#8221;][\/vc_column][vc_column width=&#8221;5\/6&#8243;][vc_column_text]Polivalente da ESFF[\/vc_column_text][\/vc_column][\/vc_row][vc_row content_placement=&#8221;middle&#8221;][vc_column width=&#8221;1\/6&#8243;][vc_custom_heading text=&#8221;Contactos&#8221; font_container=&#8221;tag:h5|text_align:left&#8221; use_theme_fonts=&#8221;yes&#8221;][\/vc_column][vc_column width=&#8221;5\/6&#8243;][vc_row_inner content_placement=&#8221;middle&#8221;][vc_column_inner width=&#8221;1\/6&#8243;][vc_icon icon_fontawesome=&#8221;far fa-edit&#8221; background_style=&#8221;rounded&#8221; size=&#8221;sm&#8221; align=&#8221;center&#8221;][\/vc_column_inner][vc_column_inner width=&#8221;5\/6&#8243;][vc_column_text]<a href=\"https:\/\/docs.google.com\/forms\/d\/e\/1FAIpQLSftT1LBkOJBmX_QCjBvqtS9Vaqa62cofAuVlBdu2hvJVBBmvg\/viewform?vc=0&amp;c=0&amp;w=1&amp;flr=0\" target=\"_blank\" rel=\"noopener\">Ficha de Inscri\u00e7\u00e3o<\/a>[\/vc_column_text][\/vc_column_inner][\/vc_row_inner][vc_row_inner content_placement=&#8221;middle&#8221; disable_element=&#8221;yes&#8221;][vc_column_inner width=&#8221;1\/6&#8243;][vc_icon icon_fontawesome=&#8221;fas fa-desktop&#8221; background_style=&#8221;rounded&#8221; size=&#8221;sm&#8221; align=&#8221;center&#8221;][\/vc_column_inner][vc_column_inner width=&#8221;5\/6&#8243;][vc_column_text]clubebarbusano.wixsite.com\/esff[\/vc_column_text][\/vc_column_inner][\/vc_row_inner][vc_row_inner content_placement=&#8221;middle&#8221;][vc_column_inner width=&#8221;1\/6&#8243;][vc_icon icon_fontawesome=&#8221;far fa-envelope&#8221; background_style=&#8221;rounded&#8221; size=&#8221;sm&#8221; align=&#8221;center&#8221;][\/vc_column_inner][vc_column_inner width=&#8221;5\/6&#8243;][vc_column_text css=&#8221;&#8221;]oteatrocorpus@essfranco.edu.pt[\/vc_column_text][\/vc_column_inner][\/vc_row_inner][\/vc_column][\/vc_row]<\/p>\n<\/div>","protected":false},"excerpt":{"rendered":"<p>[vc_row][vc_column][vc_custom_heading text=&#8221;Oficina de Teatro CORPUS&#8221; use_theme_fonts=&#8221;yes&#8221;][\/vc_column][\/vc_row][vc_row][vc_column][vc_empty_space][\/vc_column][\/vc_row][vc_row][vc_column][vc_single_image image=&#8221;6269&#8243; img_size=&#8221;medium&#8221; alignment=&#8221;center&#8221; onclick=&#8221;link_image&#8221; css_animation=&#8221;none&#8221;][\/vc_column][\/vc_row][vc_row equal_height=&#8221;yes&#8221; content_placement=&#8221;middle&#8221;][vc_column width=&#8221;1\/6&#8243;][vc_custom_heading text=&#8221;Objetivos&#8221; font_container=&#8221;tag:h5|text_align:left&#8221; use_theme_fonts=&#8221;yes&#8221;][vc_icon icon_fontawesome=&#8221;fas fa-list&#8221; color=&#8221;grey&#8221;&nbsp;<a href=\"https:\/\/esffranco.edu.pt\/web\/clubes\/corpus\/\">&hellip;<\/a><\/p>\n","protected":false},"author":1,"featured_media":0,"parent":379,"menu_order":22,"comment_status":"closed","ping_status":"closed","template":"template-sidebar-right-childpages.php","meta":{"footnotes":""},"folder":[],"class_list":["post-1323","page","type-page","status-publish","hentry","odd"],"_links":{"self":[{"href":"https:\/\/esffranco.edu.pt\/web\/wp-json\/wp\/v2\/pages\/1323","targetHints":{"allow":["GET"]}}],"collection":[{"href":"https:\/\/esffranco.edu.pt\/web\/wp-json\/wp\/v2\/pages"}],"about":[{"href":"https:\/\/esffranco.edu.pt\/web\/wp-json\/wp\/v2\/types\/page"}],"author":[{"embeddable":true,"href":"https:\/\/esffranco.edu.pt\/web\/wp-json\/wp\/v2\/users\/1"}],"replies":[{"embeddable":true,"href":"https:\/\/esffranco.edu.pt\/web\/wp-json\/wp\/v2\/comments?post=1323"}],"version-history":[{"count":7,"href":"https:\/\/esffranco.edu.pt\/web\/wp-json\/wp\/v2\/pages\/1323\/revisions"}],"predecessor-version":[{"id":8032,"href":"https:\/\/esffranco.edu.pt\/web\/wp-json\/wp\/v2\/pages\/1323\/revisions\/8032"}],"up":[{"embeddable":true,"href":"https:\/\/esffranco.edu.pt\/web\/wp-json\/wp\/v2\/pages\/379"}],"wp:attachment":[{"href":"https:\/\/esffranco.edu.pt\/web\/wp-json\/wp\/v2\/media?parent=1323"}],"wp:term":[{"taxonomy":"folder","embeddable":true,"href":"https:\/\/esffranco.edu.pt\/web\/wp-json\/wp\/v2\/folder?post=1323"}],"curies":[{"name":"wp","href":"https:\/\/api.w.org\/{rel}","templated":true}]}}

<div class="wpb-content-wrapper"><p>[vc_row][vc_column][vc_custom_heading text=&#8221;Oficina de Teatro CORPUS&#8221; use_theme_fonts=&#8221;yes&#8221;][/vc_column][/vc_row][vc_row][vc_column][vc_empty_space][/vc_column][/vc_row][vc_row][vc_column][vc_single_image image=&#8221;6269&#8243; img_size=&#8221;medium&#8221; alignment=&#8221;center&#8221; onclick=&#8221;link_image&#8221; css_animation=&#8221;none&#8221;][/vc_column][/vc_row][vc_row equal_height=&#8221;yes&#8221; content_placement=&#8221;middle&#8221;][vc_column width=&#8221;1/6&#8243;][vc_custom_heading text=&#8221;Objetivos&#8221; font_container=&#8221;tag:h5|text_align:left&#8221; use_theme_fonts=&#8221;yes&#8221;][vc_icon icon_fontawesome=&#8221;fas fa-list&#8221; color=&#8221;grey&#8221; background_style=&#8221;rounded&#8221; background_color=&#8221;blue&#8221; align=&#8221;center&#8221;][/vc_column][vc_column width=&#8221;5/6&#8243;][vc_column_text]A Oficina de Teatro CORPUS é uma proposta para todos aqueles que gostam de se expressar ou estão à procura de uma forma descontraída e divertida de ganhar mais confiança. Ter ou não experiência de palco não é um requisito, pois todos terão oportunidade de explorar o seu potencial.</p>
<p>A OTC é um espaço para expressão artística, onde exploramos o mundo cénico, desde a produção até à atuação, de modo a experimentar cada etapa de uma peça de teatro.</p>
<p>Benefícios de Participar<br />
Desenvolvimento Pessoal: aumente a sua autoconfiança e habilidades de comunicação.<br />
Trabalho em Equipa: aprenda a colaborar e a resolver problemas em conjunto.<br />
Criatividade: explore novas ideias e formas de expressão artística.[/vc_column_text][/vc_column][/vc_row][vc_row content_placement=&#8221;middle&#8221;][vc_column width=&#8221;1/6&#8243;][vc_custom_heading text=&#8221;Equipa&#8221; font_container=&#8221;tag:h5|text_align:left&#8221; use_theme_fonts=&#8221;yes&#8221;][vc_icon icon_fontawesome=&#8221;fas fa-users&#8221; color=&#8221;grey&#8221; background_style=&#8221;rounded&#8221; background_color=&#8221;blue&#8221; align=&#8221;center&#8221;][/vc_column][vc_column width=&#8221;5/6&#8243;][vc_column_text]Prof.ª Micaela Martins<br />
Prof.ª Rosário Antunes[/vc_column_text][/vc_column][/vc_row][vc_row content_placement=&#8221;middle&#8221;][vc_column width=&#8221;1/6&#8243;][vc_custom_heading text=&#8221;Horário&#8221; font_container=&#8221;tag:h5|text_align:left&#8221; use_theme_fonts=&#8221;yes&#8221;][vc_icon icon_fontawesome=&#8221;fas fa-calendar-alt&#8221; color=&#8221;grey&#8221; background_style=&#8221;rounded&#8221; background_color=&#8221;blue&#8221; align=&#8221;center&#8221;][/vc_column][vc_column width=&#8221;5/6&#8243;][vc_column_text css=&#8221;&#8221;]Terça-feira das 13:30 às 15:00<br />
Quinta-feira das 15:15 às 16:45[/vc_column_text][/vc_column][/vc_row][vc_row equal_height=&#8221;yes&#8221; content_placement=&#8221;middle&#8221;][vc_column width=&#8221;1/6&#8243;][vc_custom_heading text=&#8221;Local&#8221; font_container=&#8221;tag:h5|text_align:left&#8221; use_theme_fonts=&#8221;yes&#8221;][vc_icon icon_fontawesome=&#8221;far fa-map&#8221; color=&#8221;grey&#8221; background_style=&#8221;rounded&#8221; background_color=&#8221;blue&#8221; align=&#8221;center&#8221;][/vc_column][vc_column width=&#8221;5/6&#8243;][vc_column_text]Polivalente da ESFF[/vc_column_text][/vc_column][/vc_row][vc_row content_placement=&#8221;middle&#8221;][vc_column width=&#8221;1/6&#8243;][vc_custom_heading text=&#8221;Contactos&#8221; font_container=&#8221;tag:h5|text_align:left&#8221; use_theme_fonts=&#8221;yes&#8221;][/vc_column][vc_column width=&#8221;5/6&#8243;][vc_row_inner content_placement=&#8221;middle&#8221;][vc_column_inner width=&#8221;1/6&#8243;][vc_icon icon_fontawesome=&#8221;far fa-edit&#8221; background_style=&#8221;rounded&#8221; size=&#8221;sm&#8221; align=&#8221;center&#8221;][/vc_column_inner][vc_column_inner width=&#8221;5/6&#8243;][vc_column_text]<a href="https://docs.google.com/forms/d/e/1FAIpQLSftT1LBkOJBmX_QCjBvqtS9Vaqa62cofAuVlBdu2hvJVBBmvg/viewform?vc=0&amp;c=0&amp;w=1&amp;flr=0" target="_blank" rel="noopener">Ficha de Inscrição</a>[/vc_column_text][/vc_column_inner][/vc_row_inner][vc_row_inner content_placement=&#8221;middle&#8221; disable_element=&#8221;yes&#8221;][vc_column_inner width=&#8221;1/6&#8243;][vc_icon icon_fontawesome=&#8221;fas fa-desktop&#8221; background_style=&#8221;rounded&#8221; size=&#8221;sm&#8221; align=&#8221;center&#8221;][/vc_column_inner][vc_column_inner width=&#8221;5/6&#8243;][vc_column_text]clubebarbusano.wixsite.com/esff[/vc_column_text][/vc_column_inner][/vc_row_inner][vc_row_inner content_placement=&#8221;middle&#8221;][vc_column_inner width=&#8221;1/6&#8243;][vc_icon icon_fontawesome=&#8221;far fa-envelope&#8221; background_style=&#8221;rounded&#8221; size=&#8221;sm&#8221; align=&#8221;center&#8221;][/vc_column_inner][vc_column_inner width=&#8221;5/6&#8243;][vc_column_text css=&#8221;&#8221;]oteatrocorpus@essfranco.edu.pt[/vc_column_text][/vc_column_inner][/vc_row_inner][/vc_column][/vc_row]</p>
</div>
