{"id":1185,"date":"2022-10-15T12:34:37","date_gmt":"2022-10-15T11:34:37","guid":{"rendered":"https:\/\/esffranco.edu.pt\/web\/?page_id=1185"},"modified":"2025-12-07T09:56:38","modified_gmt":"2025-12-07T09:56:38","slug":"imagem","status":"publish","type":"page","link":"https:\/\/esffranco.edu.pt\/web\/clubes\/imagem\/","title":{"rendered":"Imagem"},"content":{"rendered":"<div class=\"wpb-content-wrapper\"><p>[vc_row][vc_column][vc_custom_heading text=&#8221;Clube de Imagem&#8221; use_theme_fonts=&#8221;yes&#8221;][\/vc_column][\/vc_row][vc_row][vc_column][vc_empty_space][\/vc_column][\/vc_row][vc_row][vc_column][vc_single_image image=&#8221;1207&#8243; img_size=&#8221;&#8221; alignment=&#8221;center&#8221; onclick=&#8221;link_image&#8221; css_animation=&#8221;none&#8221;][\/vc_column][\/vc_row][vc_row equal_height=&#8221;yes&#8221; content_placement=&#8221;middle&#8221;][vc_column width=&#8221;1\/6&#8243;][vc_custom_heading text=&#8221;Objetivos&#8221; font_container=&#8221;tag:h5|text_align:left&#8221; use_theme_fonts=&#8221;yes&#8221;][vc_icon icon_fontawesome=&#8221;fas fa-list&#8221; color=&#8221;grey&#8221; background_style=&#8221;rounded&#8221; background_color=&#8221;blue&#8221; align=&#8221;center&#8221;][\/vc_column][vc_column width=&#8221;5\/6&#8243;][vc_column_text css=&#8221;&#8221;]<\/p>\n<ul>\n<li>Fundamentos da imagem digital, conceitos e pr\u00e1ticas<\/li>\n<li>Apoio a exposi\u00e7\u00f5es, eventos e conte\u00fados de Multim\u00e9dia<\/li>\n<li>Apoio na cria\u00e7\u00e3o de logos, cartazes, programas, v\u00eddeo<\/li>\n<li>III Edi\u00e7\u00e3o do Concurso Banana da Madeira<\/li>\n<li>Divulga\u00e7\u00e3o do curso nas escolas&#8221;<\/li>\n<\/ul>\n<p>[\/vc_column_text][\/vc_column][\/vc_row][vc_row content_placement=&#8221;middle&#8221;][vc_column width=&#8221;1\/6&#8243;][vc_custom_heading text=&#8221;Equipa&#8221; font_container=&#8221;tag:h5|text_align:left&#8221; use_theme_fonts=&#8221;yes&#8221;][vc_icon icon_fontawesome=&#8221;fas fa-users&#8221; color=&#8221;grey&#8221; background_style=&#8221;rounded&#8221; background_color=&#8221;blue&#8221; align=&#8221;center&#8221;][\/vc_column][vc_column width=&#8221;5\/6&#8243;][vc_column_text css=&#8221;&#8221;]<\/p>\n<ul>\n<li>Prof.\u00aa Alexandra Fonseca<\/li>\n<li>Prof. Carlos Santos<\/li>\n<li>Prof.\u00aa Cl\u00e1udia Saldanha<\/li>\n<li>Prof.\u00aa Concei\u00e7\u00e3o Gon\u00e7alves<\/li>\n<li>Prof. Paulo Pimenta<\/li>\n<\/ul>\n<p>[\/vc_column_text][\/vc_column][\/vc_row][vc_row][vc_column width=&#8221;1\/6&#8243;][vc_custom_heading text=&#8221;Hor\u00e1rio&#8221; font_container=&#8221;tag:h5|text_align:left&#8221; use_theme_fonts=&#8221;yes&#8221;][vc_icon icon_fontawesome=&#8221;fas fa-calendar-alt&#8221; color=&#8221;grey&#8221; background_style=&#8221;rounded&#8221; background_color=&#8221;blue&#8221; align=&#8221;center&#8221;][\/vc_column][vc_column width=&#8221;5\/6&#8243;][vc_column_text css=&#8221;&#8221;]<\/p>\n<ul>\n<li>Ter\u00e7a-feira das 13:30 \u00e0s 15:00<\/li>\n<li>Quarta-feira das 10:00 \u00e0s 11:30|11:45 \u00e0s 12:30<\/li>\n<li>Quinta-feira das 10:00 \u00e0s 11:30<\/li>\n<\/ul>\n<p>[\/vc_column_text][\/vc_column][\/vc_row][vc_row equal_height=&#8221;yes&#8221; content_placement=&#8221;middle&#8221;][vc_column width=&#8221;1\/6&#8243;][vc_custom_heading text=&#8221;Local&#8221; font_container=&#8221;tag:h5|text_align:left&#8221; use_theme_fonts=&#8221;yes&#8221;][vc_icon icon_fontawesome=&#8221;far fa-map&#8221; color=&#8221;grey&#8221; background_style=&#8221;rounded&#8221; background_color=&#8221;blue&#8221; align=&#8221;center&#8221;][\/vc_column][vc_column width=&#8221;5\/6&#8243;][vc_column_text css=&#8221;&#8221;]<\/p>\n<ul>\n<li>Sala 422<\/li>\n<li>Sala 423A<\/li>\n<\/ul>\n<p>[\/vc_column_text][\/vc_column][\/vc_row][vc_row content_placement=&#8221;middle&#8221;][vc_column width=&#8221;1\/6&#8243;][vc_custom_heading text=&#8221;Contactos&#8221; font_container=&#8221;tag:h5|text_align:left&#8221; use_theme_fonts=&#8221;yes&#8221;][\/vc_column][vc_column width=&#8221;5\/6&#8243;][vc_row_inner content_placement=&#8221;middle&#8221;][vc_column_inner width=&#8221;1\/6&#8243;][vc_icon icon_fontawesome=&#8221;far fa-envelope&#8221; background_style=&#8221;rounded&#8221; size=&#8221;sm&#8221; align=&#8221;center&#8221;][\/vc_column_inner][vc_column_inner width=&#8221;5\/6&#8243;][vc_column_text css=&#8221;&#8221;]fonsecaamf@esffranco.edu.pt<br \/>\nsantoscmf@esffranco.edu.pt<br \/>\nsaldanhacssg@esffranco.edu.pt<br \/>\ngoncalvesmcnr@esffranco.edu.pt<br \/>\npimentapvr@esffranco.edu.pt[\/vc_column_text][\/vc_column_inner][\/vc_row_inner][vc_row_inner content_placement=&#8221;middle&#8221; disable_element=&#8221;yes&#8221;][vc_column_inner width=&#8221;1\/6&#8243;][vc_icon icon_fontawesome=&#8221;fas fa-desktop&#8221; background_style=&#8221;rounded&#8221; size=&#8221;sm&#8221; align=&#8221;center&#8221;][\/vc_column_inner][vc_column_inner width=&#8221;5\/6&#8243;][vc_column_text]<a href=\"https:\/\/clubebarbusano.wixsite.com\/esff\" target=\"_blank\" rel=\"noopener\">clubebarbusano.wixsite.com\/esff<\/a>[\/vc_column_text][\/vc_column_inner][\/vc_row_inner][vc_row_inner content_placement=&#8221;middle&#8221; disable_element=&#8221;yes&#8221;][vc_column_inner width=&#8221;1\/6&#8243;][vc_icon icon_fontawesome=&#8221;far fa-edit&#8221; background_style=&#8221;rounded&#8221; size=&#8221;sm&#8221; align=&#8221;center&#8221;][\/vc_column_inner][vc_column_inner width=&#8221;5\/6&#8243;][vc_column_text]<a href=\"https:\/\/forms.gle\/UNnt3jLPZQNqojRC9\" target=\"_blank\" rel=\"noopener\">Ficha de Inscri\u00e7\u00e3o<\/a>[\/vc_column_text][\/vc_column_inner][\/vc_row_inner][\/vc_column][\/vc_row]<\/p>\n<\/div>","protected":false},"excerpt":{"rendered":"<p>[vc_row][vc_column][vc_custom_heading text=&#8221;Clube de Imagem&#8221; use_theme_fonts=&#8221;yes&#8221;][\/vc_column][\/vc_row][vc_row][vc_column][vc_empty_space][\/vc_column][\/vc_row][vc_row][vc_column][vc_single_image image=&#8221;1207&#8243; img_size=&#8221;&#8221; alignment=&#8221;center&#8221; onclick=&#8221;link_image&#8221; css_animation=&#8221;none&#8221;][\/vc_column][\/vc_row][vc_row equal_height=&#8221;yes&#8221; content_placement=&#8221;middle&#8221;][vc_column width=&#8221;1\/6&#8243;][vc_custom_heading text=&#8221;Objetivos&#8221; font_container=&#8221;tag:h5|text_align:left&#8221; use_theme_fonts=&#8221;yes&#8221;][vc_icon icon_fontawesome=&#8221;fas fa-list&#8221; color=&#8221;grey&#8221; background_style=&#8221;rounded&#8221;&nbsp;<a href=\"https:\/\/esffranco.edu.pt\/web\/clubes\/imagem\/\">&hellip;<\/a><\/p>\n","protected":false},"author":1,"featured_media":0,"parent":379,"menu_order":4,"comment_status":"closed","ping_status":"closed","template":"template-sidebar-right-childpages.php","meta":{"footnotes":""},"folder":[],"class_list":["post-1185","page","type-page","status-publish","hentry","odd"],"_links":{"self":[{"href":"https:\/\/esffranco.edu.pt\/web\/wp-json\/wp\/v2\/pages\/1185","targetHints":{"allow":["GET"]}}],"collection":[{"href":"https:\/\/esffranco.edu.pt\/web\/wp-json\/wp\/v2\/pages"}],"about":[{"href":"https:\/\/esffranco.edu.pt\/web\/wp-json\/wp\/v2\/types\/page"}],"author":[{"embeddable":true,"href":"https:\/\/esffranco.edu.pt\/web\/wp-json\/wp\/v2\/users\/1"}],"replies":[{"embeddable":true,"href":"https:\/\/esffranco.edu.pt\/web\/wp-json\/wp\/v2\/comments?post=1185"}],"version-history":[{"count":6,"href":"https:\/\/esffranco.edu.pt\/web\/wp-json\/wp\/v2\/pages\/1185\/revisions"}],"predecessor-version":[{"id":8056,"href":"https:\/\/esffranco.edu.pt\/web\/wp-json\/wp\/v2\/pages\/1185\/revisions\/8056"}],"up":[{"embeddable":true,"href":"https:\/\/esffranco.edu.pt\/web\/wp-json\/wp\/v2\/pages\/379"}],"wp:attachment":[{"href":"https:\/\/esffranco.edu.pt\/web\/wp-json\/wp\/v2\/media?parent=1185"}],"wp:term":[{"taxonomy":"folder","embeddable":true,"href":"https:\/\/esffranco.edu.pt\/web\/wp-json\/wp\/v2\/folder?post=1185"}],"curies":[{"name":"wp","href":"https:\/\/api.w.org\/{rel}","templated":true}]}}

<div class="wpb-content-wrapper"><p>[vc_row][vc_column][vc_custom_heading text=&#8221;Clube de Imagem&#8221; use_theme_fonts=&#8221;yes&#8221;][/vc_column][/vc_row][vc_row][vc_column][vc_empty_space][/vc_column][/vc_row][vc_row][vc_column][vc_single_image image=&#8221;1207&#8243; img_size=&#8221;&#8221; alignment=&#8221;center&#8221; onclick=&#8221;link_image&#8221; css_animation=&#8221;none&#8221;][/vc_column][/vc_row][vc_row equal_height=&#8221;yes&#8221; content_placement=&#8221;middle&#8221;][vc_column width=&#8221;1/6&#8243;][vc_custom_heading text=&#8221;Objetivos&#8221; font_container=&#8221;tag:h5|text_align:left&#8221; use_theme_fonts=&#8221;yes&#8221;][vc_icon icon_fontawesome=&#8221;fas fa-list&#8221; color=&#8221;grey&#8221; background_style=&#8221;rounded&#8221; background_color=&#8221;blue&#8221; align=&#8221;center&#8221;][/vc_column][vc_column width=&#8221;5/6&#8243;][vc_column_text css=&#8221;&#8221;]</p>
<ul>
<li>Fundamentos da imagem digital, conceitos e práticas</li>
<li>Apoio a exposições, eventos e conteúdos de Multimédia</li>
<li>Apoio na criação de logos, cartazes, programas, vídeo</li>
<li>III Edição do Concurso Banana da Madeira</li>
<li>Divulgação do curso nas escolas&#8221;</li>
</ul>
<p>[/vc_column_text][/vc_column][/vc_row][vc_row content_placement=&#8221;middle&#8221;][vc_column width=&#8221;1/6&#8243;][vc_custom_heading text=&#8221;Equipa&#8221; font_container=&#8221;tag:h5|text_align:left&#8221; use_theme_fonts=&#8221;yes&#8221;][vc_icon icon_fontawesome=&#8221;fas fa-users&#8221; color=&#8221;grey&#8221; background_style=&#8221;rounded&#8221; background_color=&#8221;blue&#8221; align=&#8221;center&#8221;][/vc_column][vc_column width=&#8221;5/6&#8243;][vc_column_text css=&#8221;&#8221;]</p>
<ul>
<li>Prof.ª Alexandra Fonseca</li>
<li>Prof. Carlos Santos</li>
<li>Prof.ª Cláudia Saldanha</li>
<li>Prof.ª Conceição Gonçalves</li>
<li>Prof. Paulo Pimenta</li>
</ul>
<p>[/vc_column_text][/vc_column][/vc_row][vc_row][vc_column width=&#8221;1/6&#8243;][vc_custom_heading text=&#8221;Horário&#8221; font_container=&#8221;tag:h5|text_align:left&#8221; use_theme_fonts=&#8221;yes&#8221;][vc_icon icon_fontawesome=&#8221;fas fa-calendar-alt&#8221; color=&#8221;grey&#8221; background_style=&#8221;rounded&#8221; background_color=&#8221;blue&#8221; align=&#8221;center&#8221;][/vc_column][vc_column width=&#8221;5/6&#8243;][vc_column_text css=&#8221;&#8221;]</p>
<ul>
<li>Terça-feira das 13:30 às 15:00</li>
<li>Quarta-feira das 10:00 às 11:30|11:45 às 12:30</li>
<li>Quinta-feira das 10:00 às 11:30</li>
</ul>
<p>[/vc_column_text][/vc_column][/vc_row][vc_row equal_height=&#8221;yes&#8221; content_placement=&#8221;middle&#8221;][vc_column width=&#8221;1/6&#8243;][vc_custom_heading text=&#8221;Local&#8221; font_container=&#8221;tag:h5|text_align:left&#8221; use_theme_fonts=&#8221;yes&#8221;][vc_icon icon_fontawesome=&#8221;far fa-map&#8221; color=&#8221;grey&#8221; background_style=&#8221;rounded&#8221; background_color=&#8221;blue&#8221; align=&#8221;center&#8221;][/vc_column][vc_column width=&#8221;5/6&#8243;][vc_column_text css=&#8221;&#8221;]</p>
<ul>
<li>Sala 422</li>
<li>Sala 423A</li>
</ul>
<p>[/vc_column_text][/vc_column][/vc_row][vc_row content_placement=&#8221;middle&#8221;][vc_column width=&#8221;1/6&#8243;][vc_custom_heading text=&#8221;Contactos&#8221; font_container=&#8221;tag:h5|text_align:left&#8221; use_theme_fonts=&#8221;yes&#8221;][/vc_column][vc_column width=&#8221;5/6&#8243;][vc_row_inner content_placement=&#8221;middle&#8221;][vc_column_inner width=&#8221;1/6&#8243;][vc_icon icon_fontawesome=&#8221;far fa-envelope&#8221; background_style=&#8221;rounded&#8221; size=&#8221;sm&#8221; align=&#8221;center&#8221;][/vc_column_inner][vc_column_inner width=&#8221;5/6&#8243;][vc_column_text css=&#8221;&#8221;]fonsecaamf@esffranco.edu.pt<br />
santoscmf@esffranco.edu.pt<br />
saldanhacssg@esffranco.edu.pt<br />
goncalvesmcnr@esffranco.edu.pt<br />
pimentapvr@esffranco.edu.pt[/vc_column_text][/vc_column_inner][/vc_row_inner][vc_row_inner content_placement=&#8221;middle&#8221; disable_element=&#8221;yes&#8221;][vc_column_inner width=&#8221;1/6&#8243;][vc_icon icon_fontawesome=&#8221;fas fa-desktop&#8221; background_style=&#8221;rounded&#8221; size=&#8221;sm&#8221; align=&#8221;center&#8221;][/vc_column_inner][vc_column_inner width=&#8221;5/6&#8243;][vc_column_text]<a href="https://clubebarbusano.wixsite.com/esff" target="_blank" rel="noopener">clubebarbusano.wixsite.com/esff</a>[/vc_column_text][/vc_column_inner][/vc_row_inner][vc_row_inner content_placement=&#8221;middle&#8221; disable_element=&#8221;yes&#8221;][vc_column_inner width=&#8221;1/6&#8243;][vc_icon icon_fontawesome=&#8221;far fa-edit&#8221; background_style=&#8221;rounded&#8221; size=&#8221;sm&#8221; align=&#8221;center&#8221;][/vc_column_inner][vc_column_inner width=&#8221;5/6&#8243;][vc_column_text]<a href="https://forms.gle/UNnt3jLPZQNqojRC9" target="_blank" rel="noopener">Ficha de Inscrição</a>[/vc_column_text][/vc_column_inner][/vc_row_inner][/vc_column][/vc_row]</p>
</div>
